o?
22
Suppose 624 = 7*s - 307. What is the highest common factor of s and 7?
7
Let i be (2/(-4))/(5/(5000/(-5))). Calculate the greatest common divisor of i and 4.
4
Let a be (-6)/8 - (-399)/4. Let l be ((-147)/(-14))/(6/8). Suppose -2*h - c + l = -h, -5*h = 4*c - 67. Calculate the highest common factor of h and a.
11
Let p(k) = 3*k**2 + 115*k + 117. Let l be p(-45). What is the greatest common factor of 113 and l?
113
Let c(w) = 161*w - 573. Let j be c(4). What is the highest common factor of j and 1?
1
Let s = -695 - -709. Calculate the greatest common divisor of s and 686.
14
Suppose -4*h - 41*s = -45*s - 268, 0 = 5*s + 5. Let a be 2 + -1 + (3 - 2). Suppose a*n - 12 = -0*n. What is the greatest common factor of n and h?
6
Suppose 5*h - 10 = 0, -5*y - 3*h + 433 + 158 = 0. Calculate the highest common divisor of 91 and y.
13
Let i be 3183/9 - (-3)/9. Suppose 4*c - 10*c = -i. Let w = -23 + c. What is the greatest common divisor of 9 and w?
9
Let q = -38 + 100. Suppose -18 = 2*a - q. Suppose -4*z + 10 = -a. What is the highest common factor of z and 8?
8
Let n be ((-4)/(-6))/(2/(-3)). Let z be (-10)/n*(-8)/10. Let v(g) = g**3 + 9*g**2 + 5*g - 11. Let j be v(z). Calculate the greatest common factor of 104 and j.
13
Suppose -2*p = 0, 0 = 4*t - 2*p + 5*p - 128. Let s = t + 64. What is the greatest common divisor of s and 12?
12
Let c(h) = h**2 - 7*h - 6. Let n be c(8). Suppose -2*u + 380 = n*u. Let a = u - -59. What is the highest common factor of 22 and a?
22
Let l = -314 + 323. Calculate the greatest common divisor of l and 3.
3
Let d = 1360 + -923. What is the greatest common divisor of 19 and d?
19
Suppose 0 = 4*p - z - 161, p - 4*z + 3*z = 44. Suppose -2*x + 62 = 10. What is the highest common factor of p and x?
13
Let t = -87 + 146. Let k = 77 - t. What is the highest common factor of 30 and k?
6
Suppose 3*v - 175 = 5*j, -v - 8*j + 3*j + 65 = 0. Let i(d) = -4*d - 4. Let l be i(-7). Calculate the highest common divisor of v and l.
12
Suppose 5*c + 14 = 7*c. Let o(s) = s**2 - 5*s - 12. Let d be o(c). Let u be 193/6 - d/12. What is the highest common divisor of u and 4?
4
Suppose g + 60 = 3*g. Let u = 41 + -30. Suppose -2*d - 3*q + u = -6, q + 31 = 3*d. Calculate the highest common factor of g and d.
10
Let k = 27 - 14. Let b = -10 + k. Suppose 0 = 3*x - 0*x - 5*q - 77, 5*q - 91 = -4*x. Calculate the highest common divisor of x and b.
3
Let q = 9 - 23. Let b = q - -49. Let u be 1/6 + 7/(-42) - -14. What is the greatest common divisor of b and u?
7
Suppose 4*m - 2*l - 3*l - 7 = 0, 5*m = -l - 13. Let b = m - -9. Suppose -3*d + 41 = 3*o - b, -54 = -4*d + o. What is the greatest common factor of 7 and d?
7
Let p = 10 - 8. Suppose 2*l - 24 = -p*j, -3*l - 4*j + 30 = -l. Suppose -8*o = -l*o + 55. What is the greatest common factor of o and 5?
5
Let b be (-32)/256 - (-601)/8. Calculate the greatest common factor of b and 465.
15
Suppose 0*l = l + 2*i - 11, l + 5*i = 20. Suppose -l*u - 15 = -10*u. Suppose -5*h = -5*y - 30, -4*h - 5*y = -y. What is the highest common factor of u and h?
3
Let b(p) = -p**2 + p + 30. Let w(o) = o - 9. Let t be w(9). Let x be b(t). Let l = -2 + 7. Calculate the greatest common factor of l and x.
5
Suppose 310 = 2*v - 12*v. Let t = v + 47. What is the highest common divisor of 64 and t?
16
Let t be ((-10)/(-4))/((-16)/(-64)). What is the greatest common factor of 1080 and t?
10
Let k(v) = v - 4. Let d be k(2). Let l be (d/(-2))/(7/(-35)). Let i be 113/5 - (-3)/l. Calculate the highest common divisor of i and 198.
22
Let y be (-5 - 7)*(-16)/4. Suppose 6*g - 3*g = 48. What is the highest common divisor of g and y?
16
Suppose -9*c + 1397 = -1375. What is the greatest common factor of 28 and c?
28
Suppose -10*t + 11*t - 2 = 0. Suppose t*g + 2*k - 66 = 0, k = -3*g + 5*k + 92. Calculate the highest common divisor of 8 and g.
8
Suppose -3*g - g = -i - 834, 2*g - i = 416. Calculate the greatest common divisor of 11 and g.
11
Suppose 3*w = -12, -5*n = -w - 16 - 193. Calculate the greatest common divisor of n and 164.
41
Let k be (2 - 1)/((-220)/(-55))*80. Let c be (-9)/6 - (-43)/2. What is the highest common divisor of c and k?
20
Let f = 496 + -489. Calculate the greatest common divisor of f and 13.
1
Let c = -282 + 540. Suppose 3*u = 3*f - c, 107 + 61 = 2*f + 2*u. Calculate the greatest common factor of 5 and f.
5
Suppose 0 = -12*s + 20*s - 56. Calculate the greatest common factor of 3 and s.
1
Let d be (-6)/(-3) - 18/(-6). Suppose 74 = v + d*k, 3*v = -3*k - 2*k + 272. Calculate the greatest common divisor of 9 and v.
9
Suppose 3*t = 8*t - 20. Let n(p) = -p - 3. Let o be n(-5). Suppose t*v = o*v + 170. Calculate the greatest common factor of 34 and v.
17
Let n be (-54)/(-5)*(1 - (-15)/10). Suppose n = a - 4*i - 4, i + 49 = 4*a. Calculate the greatest common divisor of a and 209.
11
Let l(r) = 8*r - 1. Let q be l(3). Suppose -7*o + 104 = -379. Calculate the greatest common divisor of o and q.
23
Suppose 0 = 191*c - 200*c + 54. What is the greatest common divisor of c and 87?
3
Suppose 18*y - 16*y = 336. Calculate the greatest common factor of 24 and y.
24
Let d(u) = u**2 + 36*u - 27. Let v be d(-37). Let z = -184 + 274. What is the highest common factor of v and z?
10
Suppose 0 = -27*a + 19*a + 1144. What is the greatest common divisor of 13 and a?
13
Suppose 4*t - 5*q = 108, -t = -3*t - 2*q + 72. What is the highest common factor of t and 144?
16
Let w(c) = -c + 8. Let r be w(-7). Let u = 76 - 74. Suppose -t - 4*g = u, 29 = 2*t - g + 6. What is the greatest common factor of r and t?
5
Let c be (-2074)/(-14) + 216/(-1512). What is the highest common factor of 8 and c?
4
Let z = -108 + 981. Suppose 0 = -9*f - 108 + z. Calculate the greatest common factor of f and 17.
17
Let m = 11 - 19. Let b(o) = o**3 + 7*o**2 + 6*o - 3. Let a be b(m). Let h = 167 + a. What is the greatest common factor of 13 and h?
13
Suppose 0 = -n - 3, 0 = 4*g - 3*g + 5*n + 28. Let f = g - -12. Let c be 2 - (-1 + 9/f). What is the greatest common divisor of c and 24?
12
Let v = 243 - 162. What is the greatest common divisor of 108 and v?
27
Suppose 0 = -h - 281 + 17. Let k = -136 - h. Calculate the highest common divisor of 16 and k.
16
Suppose -n - 3*z + 205 = 0, n + 0*n + z = 213. What is the greatest common divisor of n and 93?
31
Let u be (-2)/2 - 3/(-1). Suppose -2*q - q + 499 = 4*t, -u*t - 529 = -3*q. Let h = q - 113. What is the highest common divisor of h and 20?
20
Let c be 6*-7*50/(-105). Suppose 0 = 5*t - 8*t - 4*w + 288, 0 = -2*t - 5*w + 185. What is the highest common divisor of t and c?
20
Let p = 356 + -160. Calculate the highest common factor of 112 and p.
28
Let h be ((-9)/3 - -5) + 3. Suppose 8*o = h*o + 54. Suppose -3*m = -3*p - 141, m + 4*p = 4*m - 143. Calculate the greatest common factor of o and m.
9
Let p = 231 - 226. What is the highest common factor of 55 and p?
5
Let r = 116 - 114. Calculate the highest common divisor of 58 and r.
2
Let x be 2265/4 - (-11)/((-264)/(-18)). What is the highest common divisor of x and 14?
7
Suppose -4*b + 108 = 3*n, -3*n = 2*b - 4*n - 44. Calculate the highest common factor of 216 and b.
24
Suppose 6*r = 2*r + 60. Let m(i) = -47*i - 2. Let z be m(-1). What is the highest common factor of r and z?
15
Suppose -16*v + 19*v + 6 = 0. Let l be v/4 + (-11)/(-2). Calculate the highest common divisor of l and 10.
5
Suppose 0 = 4*w - 2*k - 362, -2*w - 5*k = 2*w - 397. Calculate the highest common factor of 3 and w.
3
Let l be (-4 - 2 - -2) + 4. Suppose 4*z - 7*z + 30 = l. What is the greatest common factor of 70 and z?
10
Suppose 180 = 5*a - 7*a. Let x = 128 + a. Let o = x + -22. Calculate the greatest common factor of 144 and o.
16
Suppose -14*j + 180 = -17*j. Let t = j + 65. What is the greatest common divisor of t and 55?
5
Suppose -o + 15 = -3*f, -3*f - 115 = -5*o + 20. What is the highest common factor of o and 590?
10
Let d = 49 + -28. Let y be 42 - 28*(-5)/(-20). What is the greatest common factor of d and y?
7
Let p = 1863 - 827. Calculate the greatest common factor of 28 and p.
28
Let c be (-213)/4*(-12)/9. Let z = c - -1. What is the highest common divisor of z and 180?
36
Let p(y) = y**3 - 6*y**2 - 5*y + 21. Let g be p(6). Let d be (-10)/45*1 + (-20)/g. Calculate the greatest common factor of 5 and d.